 13. Calculate h(18).
-5
Let z(o) = 7*o - 154. Calculate z(21).
-7
Let d(j) = j**2 + j + 14. What is d(-8)?
70
Let t(m) = 12*m + 50. Give t(-4).
2
Let j(o) = -o + 18. Calculate j(0).
18
Let j(v) = v - 12. Calculate j(7).
-5
Let h(n) = n**3 - 11*n**2 + 11*n + 8. Give h(10).
18
Let x(i) = i**3 - 20*i**2 - 44*i + 10. Determine x(22).
10
Let h(r) = 37*r + 2596. Give h(-70).
6
Let r(x) = -x**2 + 5*x - 5. Give r(4).
-1
Let k(q) = -q**3 + 4*q**2 + 10*q - 23. Calculate k(5).
2
Let m(z) = -z**3 - z**2 + z - 5. Calculate m(-2).
-3
Let c(u) = -u**2 + 14*u + 33. Determine c(16).
1
Let r(f) = -f - 17. What is r(-3)?
-14
Let t(c) = 28*c + 274. Determine t(-9).
22
Let m(q) = -12*q - 325. What is m(-26)?
-13
Let d(v) = 5*v - 63. What is d(15)?
12
Let n(i) = -2*i**2 - 15*i - 3. Determine n(-7).
4
Let k(x) = -x**2 + 11. What is k(0)?
11
Let c(h) = -2*h**2 - 3*h + 29. Give c(4).
-15
Let t(n) = n**3 + 7*n**2 + 10*n + 2. Calculate t(-5).
2
Let m(t) = 6*t + 3. Determine m(7).
45
Let j(p) = p**2 + 2*p - 5. Give j(4).
19
Let w(c) = c**3 - 14*c**2 + 14*c - 10. What is w(13)?
3
Let l(a) = 10*a + 10. Calculate l(-9).
-80
Let q(j) = 75*j + 451. Calculate q(-6).
1
Let h(z) = 2*z**3 + 12*z**2 - 13*z + 10. Give h(-7).
3
Let q(j) = -3*j - 3. Give q(4).
-15
Let g(y) = -y**2 + 9*y + 23. Calculate g(11).
1
Let f(q) = -q + 14. Determine f(12).
2
Let w(m) = 7*m + 14. Calculate w(2).
28
Let t(j) = -j + 4. What is t(-12)?
16
Let d(q) = -q + 31. Give d(0).
31
Let r(x) = -16*x - 69. Determine r(-5).
11
Let w(x) = x**2 + 11*x + 18. What is w(-8)?
-6
Let n(z) = z**2 - 6*z + 3. Determine n(4).
-5
Let u(p) = 2*p - 21. Determine u(10).
-1
Let b(j) = -j**2 + 13*j + 12. Determine b(14).
-2
Let i(r) = -2*r - 11. Determine i(16).
-43
Let s(p) = 22*p - 3. What is s(2)?
41
Let l(t) = t**3 - 6*t**2 - 3*t + 6. Give l(6).
-12
Let u(g) = -5*g**2 - 72*g + 46. Determine u(-15).
1
Let v(a) = a**3 + a**2 + 2*a + 2. Calculate v(-2).
-6
Let f(d) = d**3 - 22*d**2 - 3*d + 70. What is f(22)?
4
Let u(h) = -2*h - 34. Determine u(18).
-70
Let u(k) = -k**2 + 7*k - 8. Determine u(4).
4
Let g(p) = -29*p - 36. Calculate g(-1).
-7
Let c(x) = -69*x + 830. Give c(12).
2
Let c(w) = w**3 + 17*w**2 - 20*w - 25. Calculate c(-18).
11
Let u(v) = v**3 + 2*v. Calculate u(0).
0
Let c(q) = -2*q + 20. Determine c(-19).
58
Let x(y) = -6*y - 5. Determine x(-9).
49
Let u(h) = -4*h**3 + h**2 - h + 1. What is u(1)?
-3
Let w(x) = 46*x + 462. Give w(-10).
2
Let b(s) = -s + 56. Calculate b(21).
35
Let a(b) = -b**2 - 3*b - 1. What is a(-8)?
-41
Let l(o) = -o**2 + 6*o - 1. Give l(4).
7
Let v(o) = -o**2 - 13*o - 21. Give v(-4).
15
Let b(z) = -z**3 - 19*z**2 - 20*z - 16. What is b(-18)?
20
Let u(j) = j**2 - 9*j + 31. Calculate u(9).
31
Let p(d) = d**2 + 18*d + 34. Calculate p(-16).
2
Let v(d) = 42*d**2 + d + 1. What is v(1)?
44
Let i(x) = 132*x + 1711. Determine i(-13).
-5
Let d(a) = -54*a**2 + a + 1. Give d(-1).
-54
Let r(v) = 2*v**3 - 7*v + 3. What is r(2)?
5
Let y(b) = b**3 - 6*b**2 + 6*b - 75. Give y(7).
16
Let c(b) = -2*b + 67. Give c(28).
11
Let o(y) = -y**3 - 8*y**2 - 4*y + 16. Give o(-7).
-5
Let x(h) = -h**3 - 4*h**2 - 3*h - 20. Calculate x(-4).
-8
Let d(f) = -f**3 - 7*f**2 + 3*f - 12. Give d(-6).
-66
Let j(z) = -z**3 - 6*z**2 + 7*z + 6. What is j(-4)?
-54
Let h(x) = x + 6. Give h(4).
10
Let d(l) = -13*l - 46. Give d(-4).
6
Let y(c) = 4*c - 3. Determine y(-1).
-7
Let c(y) = -y - 15. Determine c(-17).
2
Let b(f) = -f**3 - f**2 + 5*f - 4. Calculate b(4).
-64
Let k(x) = 2*x**2 + 5*x - 5. Calculate k(2).
13
Let l(k) = -2*k**2 - 14*k - 14. Calculate l(-6).
-2
Let x(g) = g - 150. Give x(21).
-129
Let d(u) = u**2 - 34*u - 111. Determine d(37).
0
Let q(a) = 2*a**2 - 22*a - 2. What is q(11)?
-2
Let x(i) = 2*i + 24. Calculate x(-9).
6
Let l(c) = c**3 - 22*c**2 + 40*c + 2. What is l(20)?
2
Let w(c) = c**2 + 4*c - 13. Calculate w(-7).
8
Let i(m) = -m**3 - 5*m**2 - 17*m - 58. Give i(-4).
-6
Let x(y) = -y**3 + y**2 + 2*y + 1. Calculate x(3).
-11
Let s(a) = -a**2 + 19*a + 123. Determine s(-5).
3
Let t(a) = a**2 - 19*a + 8. Give t(19).
8
Let o(k) = -k**3 + 5*k**2 - 7*k + 31. Give o(5).
-4
Let t(l) = -l**3 - 52*l**2 + 55*l + 103. What is t(-53)?
-3
Let s(k) = k**2 + 6*k + 4. Calculate s(-4).
-4
Let o(m) = 6*m - 13. Determine o(8).
35
Let k(x) = 5*x + 90. Determine k(-14).
20
Let u(n) = -n - 44. What is u(0)?
-44
Let a(t) = -t + 10. What is a(13)?
-3
Let u(y) = -y**3 + 4*y**2 + 5*y + 3. Give u(6).
-39
Let v(i) = i**3 - 26*i**2 + 23*i + 47. Determine v(25).
-3
Let h(x) = 2*x + 2. Give h(-5).
-8
Let l(g) = -g**3 + 8*g**2 + 6*g + 26. Determine l(9).
-1
Let d(c) = -6*c + 31. Determine d(6).
-5
Let i(j) = j + 26. Determine i(-18).
8
Let q(x) = 10*x**2 + 258*x - 52. Determine q(-26).
0
Let q(z) = z - 15. Calculate q(15).
0
Let z(t) = -2*t**3 - 22*t**2 - 17*t + 7. Give z(-10).
-23
Let k(r) = r**3 + r**2 + r + 1. What is k(-2)?
-5
Let p(w) = -w**3 - 9*w**2 - 6*w + 3. Determine p(-7).
-53
Let o(i) = 3*i**3 - 4*i**2 + i - 3. Give o(2).
7
Let n(x) = x**3 - 8*x**2 + 7*x + 14. Determine n(7).
14
Let u(x) = x**2 + 2*x + 1. What is u(-4)?
9
Let g(l) = -l**3 + 2*l**2 + 9*l + 10. Determine g(-4).
70
Let u(r) = 10*r + 106. Give u(-12).
-14
Let u(t) = -t - 1. Calculate u(0).
-1
Let x(h) = h**3 + 6*h**2 - 9*h - 7. What is x(-8)?
-63
Let o(l) = -241*l - 489. Calculate o(-2).
-7
Let n(t) = 32*t + 190. Calculate n(-6).
-2
Let p(f) = -f**2 + 10*f - 1. Determine p(5).
24
Let n(k) = 44*k + 39. Determine n(-1).
-5
Let k(m) = 2*m**2 + 20*m - 5. What is k(-14)?
107
Let x(k) = 4*k**2 + 72*k + 44. Give x(-17).
-24
Let v(x) = -x**3 - 13*x**2 - 31*x - 4. What is v(-10)?
6
Let o(s) = s**2 - 3*s + 1. Calculate o(-4).
29
Let i(d) = -d**3 + 8*d**2 + 2*d + 3. Calculate i(8).
19
Let d(o) = -o**3 - 17*o**2 - 6. Determine d(-17).
-6
Let d(y) = -y + 11. Calculate d(4).
7
Let f(o) = 5*o**2 - o - 4. Calculate f(4).
72
Let q(s) = -3*s + 9. Give q(2).
3
Let m(v) = -v**2 + 4*v - 4. What is m(3)?
-1
Let b(k) = k**3 - 26*k**2 + 28*k - 71. What is b(25)?
4
Let u(j) = -3*j**3 - 11*j**2 + 6*j + 3. What is u(-4)?
-5
Let t(y) = -y**2 + 16*y - 31. Give t(15).
-16
Let i(j) = j**2 - 9*j - 396. Calculate i(-16).
4
Let i(g) = 2*g**2 - 17*g - 9. Determine i(11).
46
Let c(x) = 2*x**2 + 7*x - 7. Determine c(1).
2
Let i(b) = 11*b + 78. Determine i(-7).
1
Let v(s) = 4*s + 8. Calculate v(-2).
0
Let q(u) = 2*u**3 - u**2 + u - 2. Calculate q(2).
12
Let k(n) = -n**3 - 5*n**2 + 5*n - 10. Calculate k(-7).
53
Let f(l) = -l**2 + 16. Determine f(-5).
-9
Let p(j) = 2*j - 5. Give p(-5).
-15
Let h(a) = a**3 + 17*a**2 + 17*a + 8. Calculate h(-16).
-8
Let r(y) = y**3 + 8*y**2 + 4*y + 36. Determine r(-8).
4
Let y(o) = -o + 6. Determine y(1).
5
Let f(v) = -v**3 + 3*v**2 - v + 2. Determine f(3).
-1
Let d(j) = -9*j - 48. Calculate d(-8).
24
Let v(m) = 3*m - 8. Determine v(-8).
-32
Let x(r) = -r**2 - 2*r + 8. Give x(5).
-27
Let s(x) = x**3 - 10*x**2 + 8*x + 9. What is s(9)?
0
Let s(k) = 9*k + 19. Give s(-6).
-35
Let s(y) = y**3 + 21*y**2 - 3*y - 33. Give s(-21).
30
Let q(r) = -r**3 + 20*r**2 - 18*r - 25. Calculate q(19).
-6
Let z(c) = c**2 - 6*c - 7. What is z(5)?
-12
Let o(l) = -l**2 + 15*l - 25. Give o(13).
1
Let z(q) = -q + 23. Determine z(19).
4
Let t(k) = 6*k**3 + k**2 + 4*k + 7. Determine t(-2).
-45
Let q(z) = 7*z**2 + 6*z - 6. Calculate q(1).
7
Let o(s) = -s**3 - 10*s**2 - 7*s + 6. Calculate o(-10).
76
Let x(q) = -4*q - 13. Determine x(-7).
15
Let s(k) = k**2 - 8*k + 10. What is s(9)?
19
Let s(o) = o**2 - 29*o - 182. What is s(35)?
28
Let w(k) = -k**3 - k**2 + 4*k - 1. Give w(-3).
5
Let v(u) = u**3 + 13*u**2 + 14*u - 7. Give v(-12).
-31
Let d(z) = -z - 4. Give d(6).
-10
Let o(h) = -h**2 - 6*h + 19. Calculate o(0).
19
Let w(i) = 10*i + 27. Give w(-3).
-3
Let x(h) = -4*h - 32. Give x(-6).
-8
Let j(m) = -m**3 + 7*m**2 - 9*m + 8. Calculate j(6).
-10
Let s(x) = x**3 - 6*x**2 + 2*x - 9. What is s(6)?
3
Let r(v) = -39*v - 229. Determine r(-6).
5
Let k(g) = g**3 + 5*g**2 - 5*g + 3. Determine k(-6).
-3
Let s(m) = m**2 + m - 11. Give s(0).
-11
Let t(x) = x + 35. What is t(0)?
35
Let v(q) = -q**2 + 9*q - 6. Calculate v(1).
2
Let i(u) = -u**3 + u + 1. Give i(2).
-5
Let a(q) = -q**2 + 15*q + 11. Give a(-5).
-89
Let q(d) = d**3 - 3*d**2 + d + 3. Give q(3).
6
Let w(l) = l - 3. Calculate w(-8).
-11
Let o(c) = -c**2 - 16*c + 40. Give o